{"id":716,"date":"2019-05-24T15:28:28","date_gmt":"2019-05-24T15:28:28","guid":{"rendered":"https:\/\/blog.meusebach.de\/?page_id=716"},"modified":"2019-05-24T15:29:05","modified_gmt":"2019-05-24T15:29:05","slug":"maibaumsetzen-2019","status":"publish","type":"page","link":"https:\/\/ts.meusebach.de\/?page_id=716","title":{"rendered":"Maibaumsetzen 2019"},"content":{"rendered":"<p>Bei herrlichstem Maibaumwetter stzeten die Meusebacher Burschen ihren Maibaum im Jahr 2019. Wieder trug ert die B\u00e4nder in blau-gelb-wei\u00df, gesponsert von dem gr\u00f6\u00dften FFC-Fan von Meusebach (und Umgebung). Musikalisch begleitet wurde das Setzen von den Dienst\u00e4dter Blasmusikanten, die unsere zahlreichen G\u00e4ste gut unterhielten.<br \/>\n(Fotos: T. schwarz &amp; V. H\u00f6ntsch)<\/p>\n<div id='gallery-1' class='gallery galleryid-716 gallery-columns-2 gallery-size-large'><figure class='gallery-item'>\n\t\t\t<div class='gallery-icon landscape'>\n\t\t\t\t<a href='https:\/\/ts.meusebach.de\/?attachment_id=717'><img loading=\"lazy\" decoding=\"async\" width=\"750\" height=\"541\" src=\"https:\/\/ts.meusebach.de\/wp-content\/uploads\/2019\/05\/Mbstzn_2019_1.jpg\" class=\"attachment-large size-large\" alt=\"\" aria-describedby=\"gallery-1-717\" srcset=\"https:\/\/ts.meusebach.de\/wp-content\/uploads\/2019\/05\/Mbstzn_2019_1.jpg 800w, https:\/\/ts.meusebach.de\/wp-content\/uploads\/2019\/05\/Mbstzn_2019_1-300x216.jpg 300w, https:\/\/ts.meusebach.de\/wp-content\/uploads\/2019\/05\/Mbstzn_2019_1-768x554.jpg 768w\" sizes=\"auto, (max-width: 750px) 100vw, 750px\" \/><\/a>\n\t\t\t<\/div>\n\t\t\t\t<figcaption class='wp-caption-text gallery-caption' id='gallery-1-717'>\n\t\t\t\tMaibaumsetzen 2019\n\t\t\t\t<\/figcaption><\/figure><figure class='gallery-item'>\n\t\t\t<div class='gallery-icon landscape'>\n\t\t\t\t<a href='https:\/\/ts.meusebach.de\/?attachment_id=718'><img loading=\"lazy\" decoding=\"async\" width=\"750\" height=\"449\" src=\"https:\/\/ts.meusebach.de\/wp-content\/uploads\/2019\/05\/Mbstzn_2019_2.jpg\" class=\"attachment-large size-large\" alt=\"\" aria-describedby=\"gallery-1-718\" srcset=\"https:\/\/ts.meusebach.de\/wp-content\/uploads\/2019\/05\/Mbstzn_2019_2.jpg 800w, https:\/\/ts.meusebach.de\/wp-content\/uploads\/2019\/05\/Mbstzn_2019_2-300x180.jpg 300w, https:\/\/ts.meusebach.de\/wp-content\/uploads\/2019\/05\/Mbstzn_2019_2-768x460.jpg 768w, https:\/\/ts.meusebach.de\/wp-content\/uploads\/2019\/05\/Mbstzn_2019_2-750x450.jpg 750w\" sizes=\"auto, (max-width: 750px) 100vw, 750px\" \/><\/a>\n\t\t\t<\/div>\n\t\t\t\t<figcaption class='wp-caption-text gallery-caption' id='gallery-1-718'>\n\t\t\t\tMaibaumsetzen 2019\n\t\t\t\t<\/figcaption><\/figure><figure class='gallery-item'>\n\t\t\t<div class='gallery-icon landscape'>\n\t\t\t\t<a href='https:\/\/ts.meusebach.de\/?attachment_id=719'><img loading=\"lazy\" decoding=\"async\" width=\"750\" height=\"495\" src=\"https:\/\/ts.meusebach.de\/wp-content\/uploads\/2019\/05\/Mbstzn_2019_3.jpg\" class=\"attachment-large size-large\" alt=\"\" aria-describedby=\"gallery-1-719\" srcset=\"https:\/\/ts.meusebach.de\/wp-content\/uploads\/2019\/05\/Mbstzn_2019_3.jpg 800w, https:\/\/ts.meusebach.de\/wp-content\/uploads\/2019\/05\/Mbstzn_2019_3-300x198.jpg 300w, https:\/\/ts.meusebach.de\/wp-content\/uploads\/2019\/05\/Mbstzn_2019_3-768x507.jpg 768w\" sizes=\"auto, (max-width: 750px) 100vw, 750px\" \/><\/a>\n\t\t\t<\/div>\n\t\t\t\t<figcaption class='wp-caption-text gallery-caption' id='gallery-1-719'>\n\t\t\t\tMaibaumsetzen 2019\n\t\t\t\t<\/figcaption><\/figure><figure class='gallery-item'>\n\t\t\t<div class='gallery-icon landscape'>\n\t\t\t\t<a href='https:\/\/ts.meusebach.de\/?attachment_id=720'><img loading=\"lazy\" decoding=\"async\" width=\"750\" height=\"599\" src=\"https:\/\/ts.meusebach.de\/wp-content\/uploads\/2019\/05\/Mbstzn_2019_4.jpg\" class=\"attachment-large size-large\" alt=\"\" aria-describedby=\"gallery-1-720\" srcset=\"https:\/\/ts.meusebach.de\/wp-content\/uploads\/2019\/05\/Mbstzn_2019_4.jpg 800w, https:\/\/ts.meusebach.de\/wp-content\/uploads\/2019\/05\/Mbstzn_2019_4-300x240.jpg 300w, https:\/\/ts.meusebach.de\/wp-content\/uploads\/2019\/05\/Mbstzn_2019_4-768x613.jpg 768w\" sizes=\"auto, (max-width: 750px) 100vw, 750px\" \/><\/a>\n\t\t\t<\/div>\n\t\t\t\t<figcaption class='wp-caption-text gallery-caption' id='gallery-1-720'>\n\t\t\t\tMaibaumsetzen 2019\n\t\t\t\t<\/figcaption><\/figure><figure class='gallery-item'>\n\t\t\t<div class='gallery-icon landscape'>\n\t\t\t\t<a href='https:\/\/ts.meusebach.de\/?attachment_id=721'><img loading=\"lazy\" decoding=\"async\" width=\"750\" height=\"506\" src=\"https:\/\/ts.meusebach.de\/wp-content\/uploads\/2019\/05\/Mbstzn_2019_5.jpg\" class=\"attachment-large size-large\" alt=\"\" aria-describedby=\"gallery-1-721\" srcset=\"https:\/\/ts.meusebach.de\/wp-content\/uploads\/2019\/05\/Mbstzn_2019_5.jpg 800w, https:\/\/ts.meusebach.de\/wp-content\/uploads\/2019\/05\/Mbstzn_2019_5-300x203.jpg 300w, https:\/\/ts.meusebach.de\/wp-content\/uploads\/2019\/05\/Mbstzn_2019_5-768x518.jpg 768w\" sizes=\"auto, (max-width: 750px) 100vw, 750px\" \/><\/a>\n\t\t\t<\/div>\n\t\t\t\t<figcaption class='wp-caption-text gallery-caption' id='gallery-1-721'>\n\t\t\t\tMaibaumsetzen 2019\n\t\t\t\t<\/figcaption><\/figure><figure class='gallery-item'>\n\t\t\t<div class='gallery-icon portrait'>\n\t\t\t\t<a href='https:\/\/ts.meusebach.de\/?attachment_id=722'><img loading=\"lazy\" decoding=\"async\" width=\"750\" height=\"803\" src=\"https:\/\/ts.meusebach.de\/wp-content\/uploads\/2019\/05\/Mbstzn_2019_6.jpg\" class=\"attachment-large size-large\" alt=\"\" aria-describedby=\"gallery-1-722\" srcset=\"https:\/\/ts.meusebach.de\/wp-content\/uploads\/2019\/05\/Mbstzn_2019_6.jpg 800w, https:\/\/ts.meusebach.de\/wp-content\/uploads\/2019\/05\/Mbstzn_2019_6-280x300.jpg 280w, https:\/\/ts.meusebach.de\/wp-content\/uploads\/2019\/05\/Mbstzn_2019_6-768x822.jpg 768w\" sizes=\"auto, (max-width: 750px) 100vw, 750px\" \/><\/a>\n\t\t\t<\/div>\n\t\t\t\t<figcaption class='wp-caption-text gallery-caption' id='gallery-1-722'>\n\t\t\t\tMaibaumsetzen 2019\n\t\t\t\t<\/figcaption><\/figure><figure class='gallery-item'>\n\t\t\t<div class='gallery-icon landscape'>\n\t\t\t\t<a href='https:\/\/ts.meusebach.de\/?attachment_id=723'><img loading=\"lazy\" decoding=\"async\" width=\"750\" height=\"563\" src=\"https:\/\/ts.meusebach.de\/wp-content\/uploads\/2019\/05\/Mbstzn_2019_7.jpg\" class=\"attachment-large size-large\" alt=\"\" aria-describedby=\"gallery-1-723\" srcset=\"https:\/\/ts.meusebach.de\/wp-content\/uploads\/2019\/05\/Mbstzn_2019_7.jpg 800w, https:\/\/ts.meusebach.de\/wp-content\/uploads\/2019\/05\/Mbstzn_2019_7-300x225.jpg 300w, https:\/\/ts.meusebach.de\/wp-content\/uploads\/2019\/05\/Mbstzn_2019_7-768x576.jpg 768w, https:\/\/ts.meusebach.de\/wp-content\/uploads\/2019\/05\/Mbstzn_2019_7-100x75.jpg 100w\" sizes=\"auto, (max-width: 750px) 100vw, 750px\" \/><\/a>\n\t\t\t<\/div>\n\t\t\t\t<figcaption class='wp-caption-text gallery-caption' id='gallery-1-723'>\n\t\t\t\tMaibaumsetzen 2019\n\t\t\t\t<\/figcaption><\/figure><figure class='gallery-item'>\n\t\t\t<div class='gallery-icon landscape'>\n\t\t\t\t<a href='https:\/\/ts.meusebach.de\/?attachment_id=724'><img loading=\"lazy\" decoding=\"async\" width=\"750\" height=\"480\" src=\"https:\/\/ts.meusebach.de\/wp-content\/uploads\/2019\/05\/Mbstzn_2019_8.jpg\" class=\"attachment-large size-large\" alt=\"\" aria-describedby=\"gallery-1-724\" srcset=\"https:\/\/ts.meusebach.de\/wp-content\/uploads\/2019\/05\/Mbstzn_2019_8.jpg 800w, https:\/\/ts.meusebach.de\/wp-content\/uploads\/2019\/05\/Mbstzn_2019_8-300x192.jpg 300w, https:\/\/ts.meusebach.de\/wp-content\/uploads\/2019\/05\/Mbstzn_2019_8-768x492.jpg 768w\" sizes=\"auto, (max-width: 750px) 100vw, 750px\" \/><\/a>\n\t\t\t<\/div>\n\t\t\t\t<figcaption class='wp-caption-text gallery-caption' id='gallery-1-724'>\n\t\t\t\tMaibaumsetzen 2019\n\t\t\t\t<\/figcaption><\/figure><figure class='gallery-item'>\n\t\t\t<div class='gallery-icon landscape'>\n\t\t\t\t<a href='https:\/\/ts.meusebach.de\/?attachment_id=725'><img loading=\"lazy\" decoding=\"async\" width=\"750\" height=\"518\" src=\"https:\/\/ts.meusebach.de\/wp-content\/uploads\/2019\/05\/Mbstzn_2019_9.jpg\" class=\"attachment-large size-large\" alt=\"\" aria-describedby=\"gallery-1-725\" srcset=\"https:\/\/ts.meusebach.de\/wp-content\/uploads\/2019\/05\/Mbstzn_2019_9.jpg 800w, https:\/\/ts.meusebach.de\/wp-content\/uploads\/2019\/05\/Mbstzn_2019_9-300x207.jpg 300w, https:\/\/ts.meusebach.de\/wp-content\/uploads\/2019\/05\/Mbstzn_2019_9-768x531.jpg 768w\" sizes=\"auto, (max-width: 750px) 100vw, 750px\" \/><\/a>\n\t\t\t<\/div>\n\t\t\t\t<figcaption class='wp-caption-text gallery-caption' id='gallery-1-725'>\n\t\t\t\tMaibaumsetzen 2019\n\t\t\t\t<\/figcaption><\/figure><figure class='gallery-item'>\n\t\t\t<div class='gallery-icon landscape'>\n\t\t\t\t<a href='https:\/\/ts.meusebach.de\/?attachment_id=726'><img loading=\"lazy\" decoding=\"async\" width=\"750\" height=\"500\" src=\"https:\/\/ts.meusebach.de\/wp-content\/uploads\/2019\/05\/Mbstzn_2019_10.jpg\" class=\"attachment-large size-large\" alt=\"\" aria-describedby=\"gallery-1-726\" srcset=\"https:\/\/ts.meusebach.de\/wp-content\/uploads\/2019\/05\/Mbstzn_2019_10.jpg 800w, https:\/\/ts.meusebach.de\/wp-content\/uploads\/2019\/05\/Mbstzn_2019_10-300x200.jpg 300w, https:\/\/ts.meusebach.de\/wp-content\/uploads\/2019\/05\/Mbstzn_2019_10-768x512.jpg 768w, https:\/\/ts.meusebach.de\/wp-content\/uploads\/2019\/05\/Mbstzn_2019_10-420x280.jpg 420w\" sizes=\"auto, (max-width: 750px) 100vw, 750px\" \/><\/a>\n\t\t\t<\/div>\n\t\t\t\t<figcaption class='wp-caption-text gallery-caption' id='gallery-1-726'>\n\t\t\t\tMaibaumsetzen 2019\n\t\t\t\t<\/figcaption><\/figure><figure class='gallery-item'>\n\t\t\t<div class='gallery-icon portrait'>\n\t\t\t\t<a href='https:\/\/ts.meusebach.de\/?attachment_id=727'><img loading=\"lazy\" decoding=\"async\" width=\"512\" height=\"768\" src=\"https:\/\/ts.meusebach.de\/wp-content\/uploads\/2019\/05\/Mbstzn_2019_11.jpg\" class=\"attachment-large size-large\" alt=\"\" aria-describedby=\"gallery-1-727\" srcset=\"https:\/\/ts.meusebach.de\/wp-content\/uploads\/2019\/05\/Mbstzn_2019_11.jpg 512w, https:\/\/ts.meusebach.de\/wp-content\/uploads\/2019\/05\/Mbstzn_2019_11-200x300.jpg 200w\" sizes=\"auto, (max-width: 512px) 100vw, 512px\" \/><\/a>\n\t\t\t<\/div>\n\t\t\t\t<figcaption class='wp-caption-text gallery-caption' id='gallery-1-727'>\n\t\t\t\tMaibaumsetzen 2019\n\t\t\t\t<\/figcaption><\/figure><figure class='gallery-item'>\n\t\t\t<div class='gallery-icon landscape'>\n\t\t\t\t<a href='https:\/\/ts.meusebach.de\/?attachment_id=728'><img loading=\"lazy\" decoding=\"async\" width=\"750\" height=\"500\" src=\"https:\/\/ts.meusebach.de\/wp-content\/uploads\/2019\/05\/Mbstzn_2019_12.jpg\" class=\"attachment-large size-large\" alt=\"\" aria-describedby=\"gallery-1-728\" srcset=\"https:\/\/ts.meusebach.de\/wp-content\/uploads\/2019\/05\/Mbstzn_2019_12.jpg 800w, https:\/\/ts.meusebach.de\/wp-content\/uploads\/2019\/05\/Mbstzn_2019_12-300x200.jpg 300w, https:\/\/ts.meusebach.de\/wp-content\/uploads\/2019\/05\/Mbstzn_2019_12-768x512.jpg 768w, https:\/\/ts.meusebach.de\/wp-content\/uploads\/2019\/05\/Mbstzn_2019_12-420x280.jpg 420w\" sizes=\"auto, (max-width: 750px) 100vw, 750px\" \/><\/a>\n\t\t\t<\/div>\n\t\t\t\t<figcaption class='wp-caption-text gallery-caption' id='gallery-1-728'>\n\t\t\t\tMaibaumsetzen in Meusebch\n\t\t\t\t<\/figcaption><\/figure><figure class='gallery-item'>\n\t\t\t<div class='gallery-icon landscape'>\n\t\t\t\t<a href='https:\/\/ts.meusebach.de\/?attachment_id=729'><img loading=\"lazy\" decoding=\"async\" width=\"750\" height=\"500\" src=\"https:\/\/ts.meusebach.de\/wp-content\/uploads\/2019\/05\/Mbstzn_2019_13.jpg\" class=\"attachment-large size-large\" alt=\"\" aria-describedby=\"gallery-1-729\" srcset=\"https:\/\/ts.meusebach.de\/wp-content\/uploads\/2019\/05\/Mbstzn_2019_13.jpg 800w, https:\/\/ts.meusebach.de\/wp-content\/uploads\/2019\/05\/Mbstzn_2019_13-300x200.jpg 300w, https:\/\/ts.meusebach.de\/wp-content\/uploads\/2019\/05\/Mbstzn_2019_13-768x512.jpg 768w, https:\/\/ts.meusebach.de\/wp-content\/uploads\/2019\/05\/Mbstzn_2019_13-420x280.jpg 420w\" sizes=\"auto, (max-width: 750px) 100vw, 750px\" \/><\/a>\n\t\t\t<\/div>\n\t\t\t\t<figcaption class='wp-caption-text gallery-caption' id='gallery-1-729'>\n\t\t\t\tMaibaumsetzen in Meusebach\n\nAuf dem Dorfplatz konnten die Besucher bei Kaffee und Kuchen das Maibaumsetzen bei sch\u00f6nstem Wetter verfolgen. Das Maibaumsetzen in Meusebach lockte am Sonntag wieder zahlreiche Besucher aus Nah und Fern an.\n\t\t\t\t<\/figcaption><\/figure><figure class='gallery-item'>\n\t\t\t<div class='gallery-icon landscape'>\n\t\t\t\t<a href='https:\/\/ts.meusebach.de\/?attachment_id=730'><img loading=\"lazy\" decoding=\"async\" width=\"750\" height=\"418\" src=\"https:\/\/ts.meusebach.de\/wp-content\/uploads\/2019\/05\/Mbstzn_2019_15.jpg\" class=\"attachment-large size-large\" alt=\"\" aria-describedby=\"gallery-1-730\" srcset=\"https:\/\/ts.meusebach.de\/wp-content\/uploads\/2019\/05\/Mbstzn_2019_15.jpg 800w, https:\/\/ts.meusebach.de\/wp-content\/uploads\/2019\/05\/Mbstzn_2019_15-300x167.jpg 300w, https:\/\/ts.meusebach.de\/wp-content\/uploads\/2019\/05\/Mbstzn_2019_15-768x428.jpg 768w\" sizes=\"auto, (max-width: 750px) 100vw, 750px\" \/><\/a>\n\t\t\t<\/div>\n\t\t\t\t<figcaption class='wp-caption-text gallery-caption' id='gallery-1-730'>\n\t\t\t\tMaibaumsetzen in Meusebch\n\t\t\t\t<\/figcaption><\/figure>\n\t\t<\/div>\n\n","protected":false},"excerpt":{"rendered":"<p>Bei herrlichstem Maibaumwetter stzeten die Meusebacher Burschen ihren Maibaum im Jahr 2019. Wieder trug ert die B\u00e4nder in blau-gelb-wei\u00df, gesponsert von dem gr\u00f6\u00dften FFC-Fan von<\/p>\n","protected":false},"author":1,"featured_media":0,"parent":689,"menu_order":0,"comment_status":"closed","ping_status":"closed","template":"template-fullwidth.php","meta":{"spay_email":"","footnotes":""},"class_list":["post-716","page","type-page","status-publish","hentry"],"_links":{"self":[{"href":"https:\/\/ts.meusebach.de\/index.php?rest_route=\/wp\/v2\/pages\/716","targetHints":{"allow":["GET"]}}],"collection":[{"href":"https:\/\/ts.meusebach.de\/index.php?rest_route=\/wp\/v2\/pages"}],"about":[{"href":"https:\/\/ts.meusebach.de\/index.php?rest_route=\/wp\/v2\/types\/page"}],"author":[{"embeddable":true,"href":"https:\/\/ts.meusebach.de\/index.php?rest_route=\/wp\/v2\/users\/1"}],"replies":[{"embeddable":true,"href":"https:\/\/ts.meusebach.de\/index.php?rest_route=%2Fwp%2Fv2%2Fcomments&post=716"}],"version-history":[{"count":2,"href":"https:\/\/ts.meusebach.de\/index.php?rest_route=\/wp\/v2\/pages\/716\/revisions"}],"predecessor-version":[{"id":732,"href":"https:\/\/ts.meusebach.de\/index.php?rest_route=\/wp\/v2\/pages\/716\/revisions\/732"}],"up":[{"embeddable":true,"href":"https:\/\/ts.meusebach.de\/index.php?rest_route=\/wp\/v2\/pages\/689"}],"wp:attachment":[{"href":"https:\/\/ts.meusebach.de\/index.php?rest_route=%2Fwp%2Fv2%2Fmedia&parent=716"}],"curies":[{"name":"wp","href":"https:\/\/api.w.org\/{rel}","templated":true}]}}