{"id":613,"date":"2019-02-15T18:06:43","date_gmt":"2019-02-15T18:06:43","guid":{"rendered":"http:\/\/blog.meusebach.de\/?page_id=613"},"modified":"2025-03-28T16:22:30","modified_gmt":"2025-03-28T16:22:30","slug":"jenseits-der-perlenkette","status":"publish","type":"page","link":"https:\/\/ts.meusebach.de\/?page_id=613","title":{"rendered":"Jenseits der Perlenkette"},"content":{"rendered":"\n<p>Meusebach auf der<a href=\"https:\/\/jenseits-der-perlenkette.de\/meusebach\/\"> Seite Jenseits der Perlenkette<\/a><\/p>\n\n\n\n<p>Nun ist es soweit: unser kleines D\u00f6rfchen ist im Fernsehen. Der MDR hat den Film von Yvonn, Wolfgang und Stefan f\u00fcr seine Reihe &#8222;Corona Creative&#8220; ausgew\u00e4hlt.<br>Hier gibts den ganzen Film zu sehen!<\/p>\n\n\n\n<p><\/p>\n\n\n\n<figure class=\"wp-block-embed is-type-wp-embed is-provider-1-meter-60-film wp-block-embed-1-meter-60-film\"><div class=\"wp-block-embed__wrapper\">\n<blockquote class=\"wp-embedded-content\" data-secret=\"iEgj4doR6c\"><a href=\"https:\/\/www.1meter60-film.de\/film-detail\/das-virus-im-dorf-der-spatzenjaeger\/\">Das Virus im Dorf der Spatzenj\u00e4ger<\/a><\/blockquote><iframe loading=\"lazy\" class=\"wp-embedded-content\" sandbox=\"allow-scripts\" security=\"restricted\" style=\"position: absolute; clip: rect(1px, 1px, 1px, 1px);\" title=\"&#8222;Das Virus im Dorf der Spatzenj\u00e4ger&#8220; &#8212; 1meter60 Film\" src=\"https:\/\/www.1meter60-film.de\/film-detail\/das-virus-im-dorf-der-spatzenjaeger\/embed\/#?secret=iEgj4doR6c\" data-secret=\"iEgj4doR6c\" width=\"600\" height=\"338\" frameborder=\"0\" marginwidth=\"0\" marginheight=\"0\" scrolling=\"no\"><\/iframe>\n<\/div><\/figure>\n\n\n\n<figure class=\"wp-block-image is-resized\"><a href=\"https:\/\/jenseits-der-perlenkette.de\/meusebach\/\"><img loading=\"lazy\" decoding=\"async\" width=\"800\" height=\"533\" src=\"https:\/\/ts.meusebach.de\/wp-content\/uploads\/2019\/05\/Meusebach_05_2019.jpg\" alt=\"\" class=\"wp-image-744\" style=\"width:596px;height:auto\" srcset=\"https:\/\/ts.meusebach.de\/wp-content\/uploads\/2019\/05\/Meusebach_05_2019.jpg 800w, https:\/\/ts.meusebach.de\/wp-content\/uploads\/2019\/05\/Meusebach_05_2019-300x200.jpg 300w, https:\/\/ts.meusebach.de\/wp-content\/uploads\/2019\/05\/Meusebach_05_2019-768x512.jpg 768w, https:\/\/ts.meusebach.de\/wp-content\/uploads\/2019\/05\/Meusebach_05_2019-420x280.jpg 420w\" sizes=\"auto, (max-width: 800px) 100vw, 800px\" \/><\/a><\/figure>\n","protected":false},"excerpt":{"rendered":"<p>Meusebach auf der Seite Jenseits der Perlenkette Nun ist es soweit: unser kleines D\u00f6rfchen ist im Fernsehen. Der MDR hat den Film von Yvonn, Wolfgang<\/p>\n","protected":false},"author":1,"featured_media":0,"parent":0,"menu_order":0,"comment_status":"closed","ping_status":"closed","template":"","meta":{"spay_email":"","footnotes":""},"class_list":["post-613","page","type-page","status-publish","hentry"],"_links":{"self":[{"href":"https:\/\/ts.meusebach.de\/index.php?rest_route=\/wp\/v2\/pages\/613","targetHints":{"allow":["GET"]}}],"collection":[{"href":"https:\/\/ts.meusebach.de\/index.php?rest_route=\/wp\/v2\/pages"}],"about":[{"href":"https:\/\/ts.meusebach.de\/index.php?rest_route=\/wp\/v2\/types\/page"}],"author":[{"embeddable":true,"href":"https:\/\/ts.meusebach.de\/index.php?rest_route=\/wp\/v2\/users\/1"}],"replies":[{"embeddable":true,"href":"https:\/\/ts.meusebach.de\/index.php?rest_route=%2Fwp%2Fv2%2Fcomments&post=613"}],"version-history":[{"count":13,"href":"https:\/\/ts.meusebach.de\/index.php?rest_route=\/wp\/v2\/pages\/613\/revisions"}],"predecessor-version":[{"id":1661,"href":"https:\/\/ts.meusebach.de\/index.php?rest_route=\/wp\/v2\/pages\/613\/revisions\/1661"}],"wp:attachment":[{"href":"https:\/\/ts.meusebach.de\/index.php?rest_route=%2Fwp%2Fv2%2Fmedia&parent=613"}],"curies":[{"name":"wp","href":"https:\/\/api.w.org\/{rel}","templated":true}]}}

<p>Meusebach auf der<a href="https://jenseits-der-perlenkette.de/meusebach/"> Seite Jenseits der Perlenkette</a></p>



<p>Nun ist es soweit: unser kleines Dörfchen ist im Fernsehen. Der MDR hat den Film von Yvonn, Wolfgang und Stefan für seine Reihe &#8222;Corona Creative&#8220; ausgewählt.<br>Hier gibts den ganzen Film zu sehen!</p>



<p></p>



<figure class="wp-block-embed is-type-wp-embed is-provider-1-meter-60-film wp-block-embed-1-meter-60-film"><div class="wp-block-embed__wrapper">
<blockquote class="wp-embedded-content" data-secret="iEgj4doR6c"><a href="https://www.1meter60-film.de/film-detail/das-virus-im-dorf-der-spatzenjaeger/">Das Virus im Dorf der Spatzenjäger</a></blockquote><iframe loading="lazy" class="wp-embedded-content" sandbox="allow-scripts" security="restricted" style="position: absolute; clip: rect(1px, 1px, 1px, 1px);" title="&#8222;Das Virus im Dorf der Spatzenjäger&#8220; &#8212; 1meter60 Film" src="https://www.1meter60-film.de/film-detail/das-virus-im-dorf-der-spatzenjaeger/embed/#?secret=iEgj4doR6c" data-secret="iEgj4doR6c" width="600" height="338" frameborder="0" marginwidth="0" marginheight="0" scrolling="no"></iframe>
</div></figure>



<figure class="wp-block-image is-resized"><a href="https://jenseits-der-perlenkette.de/meusebach/"><img loading="lazy" decoding="async" width="800" height="533" src="https://ts.meusebach.de/wp-content/uploads/2019/05/Meusebach_05_2019.jpg" alt="" class="wp-image-744" style="width:596px;height:auto" srcset="https://ts.meusebach.de/wp-content/uploads/2019/05/Meusebach_05_2019.jpg 800w, https://ts.meusebach.de/wp-content/uploads/2019/05/Meusebach_05_2019-300x200.jpg 300w, https://ts.meusebach.de/wp-content/uploads/2019/05/Meusebach_05_2019-768x512.jpg 768w, https://ts.meusebach.de/wp-content/uploads/2019/05/Meusebach_05_2019-420x280.jpg 420w" sizes="auto, (max-width: 800px) 100vw, 800px" /></a></figure>

<p>Meusebach auf der Seite Jenseits der Perlenkette Nun ist es soweit: unser kleines Dörfchen ist im Fernsehen. Der MDR hat den Film von Yvonn, Wolfgang</p>
