{"id":526,"date":"2018-09-24T16:46:38","date_gmt":"2018-09-24T16:46:38","guid":{"rendered":"http:\/\/ts.meusebach.de\/?page_id=526"},"modified":"2018-09-24T16:46:38","modified_gmt":"2018-09-24T16:46:38","slug":"dorffest-2018","status":"publish","type":"page","link":"https:\/\/ts.meusebach.de\/?page_id=526","title":{"rendered":"Dorffest 2018"},"content":{"rendered":"<p>Wie gewohnt konnte Falko, dieses Jahr mit gr\u00f6\u00dferem Aufwand und Einsatz, uns mit 2 Spanferkeln erfreuen. Die G\u00e4ste haben alle gut zugelangt und waren auch den von den Meusebacher Frauen zubereiteten Salaten zugetan.<\/p>\n<div id='gallery-1' class='gallery galleryid-526 gallery-columns-3 gallery-size-medium'><figure class='gallery-item'>\n\t\t\t<div class='gallery-icon landscape'>\n\t\t\t\t<a href='https:\/\/ts.meusebach.de\/?attachment_id=527'><img loading=\"lazy\" decoding=\"async\" width=\"300\" height=\"221\" src=\"https:\/\/ts.meusebach.de\/wp-content\/uploads\/2018\/09\/Dorffest_2018_1-300x221.jpg\" class=\"attachment-medium size-medium\" alt=\"\" aria-describedby=\"gallery-1-527\" srcset=\"https:\/\/ts.meusebach.de\/wp-content\/uploads\/2018\/09\/Dorffest_2018_1-300x221.jpg 300w, https:\/\/ts.meusebach.de\/wp-content\/uploads\/2018\/09\/Dorffest_2018_1-768x566.jpg 768w, https:\/\/ts.meusebach.de\/wp-content\/uploads\/2018\/09\/Dorffest_2018_1-100x75.jpg 100w, https:\/\/ts.meusebach.de\/wp-content\/uploads\/2018\/09\/Dorffest_2018_1.jpg 800w\" sizes=\"auto, (max-width: 300px) 100vw, 300px\" \/><\/a>\n\t\t\t<\/div>\n\t\t\t\t<figcaption class='wp-caption-text gallery-caption' id='gallery-1-527'>\n\t\t\t\tDorffest 2018 in Meusebach\n\t\t\t\t<\/figcaption><\/figure><figure class='gallery-item'>\n\t\t\t<div class='gallery-icon landscape'>\n\t\t\t\t<a href='https:\/\/ts.meusebach.de\/?attachment_id=528'><img loading=\"lazy\" decoding=\"async\" width=\"300\" height=\"225\" src=\"https:\/\/ts.meusebach.de\/wp-content\/uploads\/2018\/09\/Dorffest_2018_1a-300x225.jpg\" class=\"attachment-medium size-medium\" alt=\"\" aria-describedby=\"gallery-1-528\" srcset=\"https:\/\/ts.meusebach.de\/wp-content\/uploads\/2018\/09\/Dorffest_2018_1a-300x225.jpg 300w, https:\/\/ts.meusebach.de\/wp-content\/uploads\/2018\/09\/Dorffest_2018_1a-768x576.jpg 768w, https:\/\/ts.meusebach.de\/wp-content\/uploads\/2018\/09\/Dorffest_2018_1a-100x75.jpg 100w, https:\/\/ts.meusebach.de\/wp-content\/uploads\/2018\/09\/Dorffest_2018_1a.jpg 800w\" sizes=\"auto, (max-width: 300px) 100vw, 300px\" \/><\/a>\n\t\t\t<\/div>\n\t\t\t\t<figcaption class='wp-caption-text gallery-caption' id='gallery-1-528'>\n\t\t\t\tDorffest 2018 in Meusebach\n\t\t\t\t<\/figcaption><\/figure><figure class='gallery-item'>\n\t\t\t<div class='gallery-icon landscape'>\n\t\t\t\t<a href='https:\/\/ts.meusebach.de\/?attachment_id=529'><img loading=\"lazy\" decoding=\"async\" width=\"300\" height=\"192\" src=\"https:\/\/ts.meusebach.de\/wp-content\/uploads\/2018\/09\/Dorffest_2018_2-300x192.jpg\" class=\"attachment-medium size-medium\" alt=\"\" aria-describedby=\"gallery-1-529\" srcset=\"https:\/\/ts.meusebach.de\/wp-content\/uploads\/2018\/09\/Dorffest_2018_2-300x192.jpg 300w, https:\/\/ts.meusebach.de\/wp-content\/uploads\/2018\/09\/Dorffest_2018_2-768x492.jpg 768w, https:\/\/ts.meusebach.de\/wp-content\/uploads\/2018\/09\/Dorffest_2018_2.jpg 800w\" sizes=\"auto, (max-width: 300px) 100vw, 300px\" \/><\/a>\n\t\t\t<\/div>\n\t\t\t\t<figcaption class='wp-caption-text gallery-caption' id='gallery-1-529'>\n\t\t\t\tDorffest 2018 in Meusebach\n\t\t\t\t<\/figcaption><\/figure><figure class='gallery-item'>\n\t\t\t<div class='gallery-icon landscape'>\n\t\t\t\t<a href='https:\/\/ts.meusebach.de\/?attachment_id=530'><img loading=\"lazy\" decoding=\"async\" width=\"300\" height=\"221\" src=\"https:\/\/ts.meusebach.de\/wp-content\/uploads\/2018\/09\/Dorffest_2018_3-300x221.jpg\" class=\"attachment-medium size-medium\" alt=\"\" aria-describedby=\"gallery-1-530\" srcset=\"https:\/\/ts.meusebach.de\/wp-content\/uploads\/2018\/09\/Dorffest_2018_3-300x221.jpg 300w, https:\/\/ts.meusebach.de\/wp-content\/uploads\/2018\/09\/Dorffest_2018_3-768x565.jpg 768w, https:\/\/ts.meusebach.de\/wp-content\/uploads\/2018\/09\/Dorffest_2018_3-100x75.jpg 100w, https:\/\/ts.meusebach.de\/wp-content\/uploads\/2018\/09\/Dorffest_2018_3.jpg 800w\" sizes=\"auto, (max-width: 300px) 100vw, 300px\" \/><\/a>\n\t\t\t<\/div>\n\t\t\t\t<figcaption class='wp-caption-text gallery-caption' id='gallery-1-530'>\n\t\t\t\tDorffest 2018 in Meusebach\n\t\t\t\t<\/figcaption><\/figure><figure class='gallery-item'>\n\t\t\t<div class='gallery-icon landscape'>\n\t\t\t\t<a href='https:\/\/ts.meusebach.de\/?attachment_id=531'><img loading=\"lazy\" decoding=\"async\" width=\"300\" height=\"196\" src=\"https:\/\/ts.meusebach.de\/wp-content\/uploads\/2018\/09\/Dorffest_2018_4-1-300x196.jpg\" class=\"attachment-medium size-medium\" alt=\"\" aria-describedby=\"gallery-1-531\" srcset=\"https:\/\/ts.meusebach.de\/wp-content\/uploads\/2018\/09\/Dorffest_2018_4-1-300x196.jpg 300w, https:\/\/ts.meusebach.de\/wp-content\/uploads\/2018\/09\/Dorffest_2018_4-1-768x501.jpg 768w, https:\/\/ts.meusebach.de\/wp-content\/uploads\/2018\/09\/Dorffest_2018_4-1.jpg 800w\" sizes=\"auto, (max-width: 300px) 100vw, 300px\" \/><\/a>\n\t\t\t<\/div>\n\t\t\t\t<figcaption class='wp-caption-text gallery-caption' id='gallery-1-531'>\n\t\t\t\tDorffest 2018 in Meusebach\n\t\t\t\t<\/figcaption><\/figure><figure class='gallery-item'>\n\t\t\t<div class='gallery-icon landscape'>\n\t\t\t\t<a href='https:\/\/ts.meusebach.de\/?attachment_id=532'><img loading=\"lazy\" decoding=\"async\" width=\"300\" height=\"188\" src=\"https:\/\/ts.meusebach.de\/wp-content\/uploads\/2018\/09\/Dorffest_2018_5-300x188.jpg\" class=\"attachment-medium size-medium\" alt=\"\" aria-describedby=\"gallery-1-532\" srcset=\"https:\/\/ts.meusebach.de\/wp-content\/uploads\/2018\/09\/Dorffest_2018_5-300x188.jpg 300w, https:\/\/ts.meusebach.de\/wp-content\/uploads\/2018\/09\/Dorffest_2018_5-768x482.jpg 768w, https:\/\/ts.meusebach.de\/wp-content\/uploads\/2018\/09\/Dorffest_2018_5.jpg 800w\" sizes=\"auto, (max-width: 300px) 100vw, 300px\" \/><\/a>\n\t\t\t<\/div>\n\t\t\t\t<figcaption class='wp-caption-text gallery-caption' id='gallery-1-532'>\n\t\t\t\tDorffest 2018 in Meusebach\n\t\t\t\t<\/figcaption><\/figure><figure class='gallery-item'>\n\t\t\t<div class='gallery-icon landscape'>\n\t\t\t\t<a href='https:\/\/ts.meusebach.de\/?attachment_id=533'><img loading=\"lazy\" decoding=\"async\" width=\"300\" height=\"209\" src=\"https:\/\/ts.meusebach.de\/wp-content\/uploads\/2018\/09\/Dorffest_2018_6-300x209.jpg\" class=\"attachment-medium size-medium\" alt=\"\" aria-describedby=\"gallery-1-533\" srcset=\"https:\/\/ts.meusebach.de\/wp-content\/uploads\/2018\/09\/Dorffest_2018_6-300x209.jpg 300w, https:\/\/ts.meusebach.de\/wp-content\/uploads\/2018\/09\/Dorffest_2018_6-768x534.jpg 768w, https:\/\/ts.meusebach.de\/wp-content\/uploads\/2018\/09\/Dorffest_2018_6.jpg 800w\" sizes=\"auto, (max-width: 300px) 100vw, 300px\" \/><\/a>\n\t\t\t<\/div>\n\t\t\t\t<figcaption class='wp-caption-text gallery-caption' id='gallery-1-533'>\n\t\t\t\tDorffest 2018 in Meusebach\n\t\t\t\t<\/figcaption><\/figure><figure class='gallery-item'>\n\t\t\t<div class='gallery-icon landscape'>\n\t\t\t\t<a href='https:\/\/ts.meusebach.de\/?attachment_id=534'><img loading=\"lazy\" decoding=\"async\" width=\"300\" height=\"226\" src=\"https:\/\/ts.meusebach.de\/wp-content\/uploads\/2018\/09\/Dorffest_2018_7-300x226.jpg\" class=\"attachment-medium size-medium\" alt=\"\" aria-describedby=\"gallery-1-534\" srcset=\"https:\/\/ts.meusebach.de\/wp-content\/uploads\/2018\/09\/Dorffest_2018_7-300x226.jpg 300w, https:\/\/ts.meusebach.de\/wp-content\/uploads\/2018\/09\/Dorffest_2018_7-768x578.jpg 768w, https:\/\/ts.meusebach.de\/wp-content\/uploads\/2018\/09\/Dorffest_2018_7-100x75.jpg 100w, https:\/\/ts.meusebach.de\/wp-content\/uploads\/2018\/09\/Dorffest_2018_7.jpg 800w\" sizes=\"auto, (max-width: 300px) 100vw, 300px\" \/><\/a>\n\t\t\t<\/div>\n\t\t\t\t<figcaption class='wp-caption-text gallery-caption' id='gallery-1-534'>\n\t\t\t\tAusweiskontrolle vor der Bar zum Dorffest 2018 in Meusebach\n\t\t\t\t<\/figcaption><\/figure><figure class='gallery-item'>\n\t\t\t<div class='gallery-icon landscape'>\n\t\t\t\t<a href='https:\/\/ts.meusebach.de\/?attachment_id=535'><img loading=\"lazy\" decoding=\"async\" width=\"300\" height=\"203\" src=\"https:\/\/ts.meusebach.de\/wp-content\/uploads\/2018\/09\/Dorffest_2018_8-300x203.jpg\" class=\"attachment-medium size-medium\" alt=\"\" aria-describedby=\"gallery-1-535\" srcset=\"https:\/\/ts.meusebach.de\/wp-content\/uploads\/2018\/09\/Dorffest_2018_8-300x203.jpg 300w, https:\/\/ts.meusebach.de\/wp-content\/uploads\/2018\/09\/Dorffest_2018_8-768x519.jpg 768w, https:\/\/ts.meusebach.de\/wp-content\/uploads\/2018\/09\/Dorffest_2018_8.jpg 800w\" sizes=\"auto, (max-width: 300px) 100vw, 300px\" \/><\/a>\n\t\t\t<\/div>\n\t\t\t\t<figcaption class='wp-caption-text gallery-caption' id='gallery-1-535'>\n\t\t\t\tHinter der Bar ging es nicht so streng zu!\n\t\t\t\t<\/figcaption><\/figure><figure class='gallery-item'>\n\t\t\t<div class='gallery-icon portrait'>\n\t\t\t\t<a href='https:\/\/ts.meusebach.de\/?attachment_id=536'><img loading=\"lazy\" decoding=\"async\" width=\"262\" height=\"300\" src=\"https:\/\/ts.meusebach.de\/wp-content\/uploads\/2018\/09\/Dorffest_2018_9-262x300.jpg\" class=\"attachment-medium size-medium\" alt=\"\" aria-describedby=\"gallery-1-536\" srcset=\"https:\/\/ts.meusebach.de\/wp-content\/uploads\/2018\/09\/Dorffest_2018_9-262x300.jpg 262w, https:\/\/ts.meusebach.de\/wp-content\/uploads\/2018\/09\/Dorffest_2018_9.jpg 512w\" sizes=\"auto, (max-width: 262px) 100vw, 262px\" \/><\/a>\n\t\t\t<\/div>\n\t\t\t\t<figcaption class='wp-caption-text gallery-caption' id='gallery-1-536'>\n\t\t\t\tDorffest 2018 in Meusebach\n\t\t\t\t<\/figcaption><\/figure>\n\t\t<\/div>\n\n","protected":false},"excerpt":{"rendered":"<p>Wie gewohnt konnte Falko, dieses Jahr mit gr\u00f6\u00dferem Aufwand und Einsatz, uns mit 2 Spanferkeln erfreuen. Die G\u00e4ste haben alle gut zugelangt und waren auch<\/p>\n","protected":false},"author":1,"featured_media":0,"parent":406,"menu_order":0,"comment_status":"closed","ping_status":"closed","template":"template-fullwidth.php","meta":{"spay_email":"","footnotes":""},"class_list":["post-526","page","type-page","status-publish","hentry"],"_links":{"self":[{"href":"https:\/\/ts.meusebach.de\/index.php?rest_route=\/wp\/v2\/pages\/526","targetHints":{"allow":["GET"]}}],"collection":[{"href":"https:\/\/ts.meusebach.de\/index.php?rest_route=\/wp\/v2\/pages"}],"about":[{"href":"https:\/\/ts.meusebach.de\/index.php?rest_route=\/wp\/v2\/types\/page"}],"author":[{"embeddable":true,"href":"https:\/\/ts.meusebach.de\/index.php?rest_route=\/wp\/v2\/users\/1"}],"replies":[{"embeddable":true,"href":"https:\/\/ts.meusebach.de\/index.php?rest_route=%2Fwp%2Fv2%2Fcomments&post=526"}],"version-history":[{"count":1,"href":"https:\/\/ts.meusebach.de\/index.php?rest_route=\/wp\/v2\/pages\/526\/revisions"}],"predecessor-version":[{"id":537,"href":"https:\/\/ts.meusebach.de\/index.php?rest_route=\/wp\/v2\/pages\/526\/revisions\/537"}],"up":[{"embeddable":true,"href":"https:\/\/ts.meusebach.de\/index.php?rest_route=\/wp\/v2\/pages\/406"}],"wp:attachment":[{"href":"https:\/\/ts.meusebach.de\/index.php?rest_route=%2Fwp%2Fv2%2Fmedia&parent=526"}],"curies":[{"name":"wp","href":"https:\/\/api.w.org\/{rel}","templated":true}]}}

<p>Wie gewohnt konnte Falko, dieses Jahr mit größerem Aufwand und Einsatz, uns mit 2 Spanferkeln erfreuen. Die Gäste haben alle gut zugelangt und waren auch den von den Meusebacher Frauen zubereiteten Salaten zugetan.</p>
<div id='gallery-1' class='gallery galleryid-526 gallery-columns-3 gallery-size-medium'><figure class='gallery-item'>
			<div class='gallery-icon landscape'>
				<a href='https://ts.meusebach.de/?attachment_id=527'><img loading="lazy" decoding="async" width="300" height="221" src="https://ts.meusebach.de/wp-content/uploads/2018/09/Dorffest_2018_1-300x221.jpg" class="attachment-medium size-medium" alt="" aria-describedby="gallery-1-527" srcset="https://ts.meusebach.de/wp-content/uploads/2018/09/Dorffest_2018_1-300x221.jpg 300w, https://ts.meusebach.de/wp-content/uploads/2018/09/Dorffest_2018_1-768x566.jpg 768w, https://ts.meusebach.de/wp-content/uploads/2018/09/Dorffest_2018_1-100x75.jpg 100w, https://ts.meusebach.de/wp-content/uploads/2018/09/Dorffest_2018_1.jpg 800w" sizes="auto, (max-width: 300px) 100vw, 300px" /></a>
			</div>
				<figcaption class='wp-caption-text gallery-caption' id='gallery-1-527'>
				Dorffest 2018 in Meusebach
				</figcaption></figure><figure class='gallery-item'>
			<div class='gallery-icon landscape'>
				<a href='https://ts.meusebach.de/?attachment_id=528'><img loading="lazy" decoding="async" width="300" height="225" src="https://ts.meusebach.de/wp-content/uploads/2018/09/Dorffest_2018_1a-300x225.jpg" class="attachment-medium size-medium" alt="" aria-describedby="gallery-1-528" srcset="https://ts.meusebach.de/wp-content/uploads/2018/09/Dorffest_2018_1a-300x225.jpg 300w, https://ts.meusebach.de/wp-content/uploads/2018/09/Dorffest_2018_1a-768x576.jpg 768w, https://ts.meusebach.de/wp-content/uploads/2018/09/Dorffest_2018_1a-100x75.jpg 100w, https://ts.meusebach.de/wp-content/uploads/2018/09/Dorffest_2018_1a.jpg 800w" sizes="auto, (max-width: 300px) 100vw, 300px" /></a>
			</div>
				<figcaption class='wp-caption-text gallery-caption' id='gallery-1-528'>
				Dorffest 2018 in Meusebach
				</figcaption></figure><figure class='gallery-item'>
			<div class='gallery-icon landscape'>
				<a href='https://ts.meusebach.de/?attachment_id=529'><img loading="lazy" decoding="async" width="300" height="192" src="https://ts.meusebach.de/wp-content/uploads/2018/09/Dorffest_2018_2-300x192.jpg" class="attachment-medium size-medium" alt="" aria-describedby="gallery-1-529" srcset="https://ts.meusebach.de/wp-content/uploads/2018/09/Dorffest_2018_2-300x192.jpg 300w, https://ts.meusebach.de/wp-content/uploads/2018/09/Dorffest_2018_2-768x492.jpg 768w, https://ts.meusebach.de/wp-content/uploads/2018/09/Dorffest_2018_2.jpg 800w" sizes="auto, (max-width: 300px) 100vw, 300px" /></a>
			</div>
				<figcaption class='wp-caption-text gallery-caption' id='gallery-1-529'>
				Dorffest 2018 in Meusebach
				</figcaption></figure><figure class='gallery-item'>
			<div class='gallery-icon landscape'>
				<a href='https://ts.meusebach.de/?attachment_id=530'><img loading="lazy" decoding="async" width="300" height="221" src="https://ts.meusebach.de/wp-content/uploads/2018/09/Dorffest_2018_3-300x221.jpg" class="attachment-medium size-medium" alt="" aria-describedby="gallery-1-530" srcset="https://ts.meusebach.de/wp-content/uploads/2018/09/Dorffest_2018_3-300x221.jpg 300w, https://ts.meusebach.de/wp-content/uploads/2018/09/Dorffest_2018_3-768x565.jpg 768w, https://ts.meusebach.de/wp-content/uploads/2018/09/Dorffest_2018_3-100x75.jpg 100w, https://ts.meusebach.de/wp-content/uploads/2018/09/Dorffest_2018_3.jpg 800w" sizes="auto, (max-width: 300px) 100vw, 300px" /></a>
			</div>
				<figcaption class='wp-caption-text gallery-caption' id='gallery-1-530'>
				Dorffest 2018 in Meusebach
				</figcaption></figure><figure class='gallery-item'>
			<div class='gallery-icon landscape'>
				<a href='https://ts.meusebach.de/?attachment_id=531'><img loading="lazy" decoding="async" width="300" height="196" src="https://ts.meusebach.de/wp-content/uploads/2018/09/Dorffest_2018_4-1-300x196.jpg" class="attachment-medium size-medium" alt="" aria-describedby="gallery-1-531" srcset="https://ts.meusebach.de/wp-content/uploads/2018/09/Dorffest_2018_4-1-300x196.jpg 300w, https://ts.meusebach.de/wp-content/uploads/2018/09/Dorffest_2018_4-1-768x501.jpg 768w, https://ts.meusebach.de/wp-content/uploads/2018/09/Dorffest_2018_4-1.jpg 800w" sizes="auto, (max-width: 300px) 100vw, 300px" /></a>
			</div>
				<figcaption class='wp-caption-text gallery-caption' id='gallery-1-531'>
				Dorffest 2018 in Meusebach
				</figcaption></figure><figure class='gallery-item'>
			<div class='gallery-icon landscape'>
				<a href='https://ts.meusebach.de/?attachment_id=532'><img loading="lazy" decoding="async" width="300" height="188" src="https://ts.meusebach.de/wp-content/uploads/2018/09/Dorffest_2018_5-300x188.jpg" class="attachment-medium size-medium" alt="" aria-describedby="gallery-1-532" srcset="https://ts.meusebach.de/wp-content/uploads/2018/09/Dorffest_2018_5-300x188.jpg 300w, https://ts.meusebach.de/wp-content/uploads/2018/09/Dorffest_2018_5-768x482.jpg 768w, https://ts.meusebach.de/wp-content/uploads/2018/09/Dorffest_2018_5.jpg 800w" sizes="auto, (max-width: 300px) 100vw, 300px" /></a>
			</div>
				<figcaption class='wp-caption-text gallery-caption' id='gallery-1-532'>
				Dorffest 2018 in Meusebach
				</figcaption></figure><figure class='gallery-item'>
			<div class='gallery-icon landscape'>
				<a href='https://ts.meusebach.de/?attachment_id=533'><img loading="lazy" decoding="async" width="300" height="209" src="https://ts.meusebach.de/wp-content/uploads/2018/09/Dorffest_2018_6-300x209.jpg" class="attachment-medium size-medium" alt="" aria-describedby="gallery-1-533" srcset="https://ts.meusebach.de/wp-content/uploads/2018/09/Dorffest_2018_6-300x209.jpg 300w, https://ts.meusebach.de/wp-content/uploads/2018/09/Dorffest_2018_6-768x534.jpg 768w, https://ts.meusebach.de/wp-content/uploads/2018/09/Dorffest_2018_6.jpg 800w" sizes="auto, (max-width: 300px) 100vw, 300px" /></a>
			</div>
				<figcaption class='wp-caption-text gallery-caption' id='gallery-1-533'>
				Dorffest 2018 in Meusebach
				</figcaption></figure><figure class='gallery-item'>
			<div class='gallery-icon landscape'>
				<a href='https://ts.meusebach.de/?attachment_id=534'><img loading="lazy" decoding="async" width="300" height="226" src="https://ts.meusebach.de/wp-content/uploads/2018/09/Dorffest_2018_7-300x226.jpg" class="attachment-medium size-medium" alt="" aria-describedby="gallery-1-534" srcset="https://ts.meusebach.de/wp-content/uploads/2018/09/Dorffest_2018_7-300x226.jpg 300w, https://ts.meusebach.de/wp-content/uploads/2018/09/Dorffest_2018_7-768x578.jpg 768w, https://ts.meusebach.de/wp-content/uploads/2018/09/Dorffest_2018_7-100x75.jpg 100w, https://ts.meusebach.de/wp-content/uploads/2018/09/Dorffest_2018_7.jpg 800w" sizes="auto, (max-width: 300px) 100vw, 300px" /></a>
			</div>
				<figcaption class='wp-caption-text gallery-caption' id='gallery-1-534'>
				Ausweiskontrolle vor der Bar zum Dorffest 2018 in Meusebach
				</figcaption></figure><figure class='gallery-item'>
			<div class='gallery-icon landscape'>
				<a href='https://ts.meusebach.de/?attachment_id=535'><img loading="lazy" decoding="async" width="300" height="203" src="https://ts.meusebach.de/wp-content/uploads/2018/09/Dorffest_2018_8-300x203.jpg" class="attachment-medium size-medium" alt="" aria-describedby="gallery-1-535" srcset="https://ts.meusebach.de/wp-content/uploads/2018/09/Dorffest_2018_8-300x203.jpg 300w, https://ts.meusebach.de/wp-content/uploads/2018/09/Dorffest_2018_8-768x519.jpg 768w, https://ts.meusebach.de/wp-content/uploads/2018/09/Dorffest_2018_8.jpg 800w" sizes="auto, (max-width: 300px) 100vw, 300px" /></a>
			</div>
				<figcaption class='wp-caption-text gallery-caption' id='gallery-1-535'>
				Hinter der Bar ging es nicht so streng zu!
				</figcaption></figure><figure class='gallery-item'>
			<div class='gallery-icon portrait'>
				<a href='https://ts.meusebach.de/?attachment_id=536'><img loading="lazy" decoding="async" width="262" height="300" src="https://ts.meusebach.de/wp-content/uploads/2018/09/Dorffest_2018_9-262x300.jpg" class="attachment-medium size-medium" alt="" aria-describedby="gallery-1-536" srcset="https://ts.meusebach.de/wp-content/uploads/2018/09/Dorffest_2018_9-262x300.jpg 262w, https://ts.meusebach.de/wp-content/uploads/2018/09/Dorffest_2018_9.jpg 512w" sizes="auto, (max-width: 262px) 100vw, 262px" /></a>
			</div>
				<figcaption class='wp-caption-text gallery-caption' id='gallery-1-536'>
				Dorffest 2018 in Meusebach
				</figcaption></figure>
		</div>

<p>Wie gewohnt konnte Falko, dieses Jahr mit größerem Aufwand und Einsatz, uns mit 2 Spanferkeln erfreuen. Die Gäste haben alle gut zugelangt und waren auch</p>
