{"id":350,"date":"2018-02-26T17:17:23","date_gmt":"2018-02-26T17:17:23","guid":{"rendered":"http:\/\/ts.meusebach.de\/?page_id=350"},"modified":"2018-02-26T17:22:05","modified_gmt":"2018-02-26T17:22:05","slug":"dorffest-2017","status":"publish","type":"page","link":"https:\/\/ts.meusebach.de\/?page_id=350","title":{"rendered":"Dorffest 2017"},"content":{"rendered":"<p>Im Jahr 2017 sollte das Dorffest eine kulturelle Aufwertung bekommen. Dazu wollten die W\u00fcrschnitztaler Musikanten mit einem St\u00f6\u00e4ndchen beitragen. Leider wurden sie von einem Regenschauer gest\u00f6rt und konnten nicht lange spielen. Geschmekcdt hat das Spanferkel aber trotzdem allen!<\/p>\n<div id='gallery-1' class='gallery galleryid-350 gallery-columns-2 gallery-size-large'><figure class='gallery-item'>\n\t\t\t<div class='gallery-icon landscape'>\n\t\t\t\t<a href='https:\/\/ts.meusebach.de\/?attachment_id=353'><img loading=\"lazy\" decoding=\"async\" width=\"750\" height=\"530\" src=\"https:\/\/ts.meusebach.de\/wp-content\/uploads\/2018\/02\/Dorffest_2017_1.jpg\" class=\"attachment-large size-large\" alt=\"\" aria-describedby=\"gallery-1-353\" srcset=\"https:\/\/ts.meusebach.de\/wp-content\/uploads\/2018\/02\/Dorffest_2017_1.jpg 800w, https:\/\/ts.meusebach.de\/wp-content\/uploads\/2018\/02\/Dorffest_2017_1-300x212.jpg 300w, https:\/\/ts.meusebach.de\/wp-content\/uploads\/2018\/02\/Dorffest_2017_1-768x542.jpg 768w\" sizes=\"auto, (max-width: 750px) 100vw, 750px\" \/><\/a>\n\t\t\t<\/div>\n\t\t\t\t<figcaption class='wp-caption-text gallery-caption' id='gallery-1-353'>\n\t\t\t\tZum Schwarteessen sind immer alle p\u00fcnktlich!\n\t\t\t\t<\/figcaption><\/figure><figure class='gallery-item'>\n\t\t\t<div class='gallery-icon landscape'>\n\t\t\t\t<a href='https:\/\/ts.meusebach.de\/?attachment_id=354'><img loading=\"lazy\" decoding=\"async\" width=\"750\" height=\"563\" src=\"https:\/\/ts.meusebach.de\/wp-content\/uploads\/2018\/02\/Dorffest_2017_2.jpg\" class=\"attachment-large size-large\" alt=\"\" aria-describedby=\"gallery-1-354\" srcset=\"https:\/\/ts.meusebach.de\/wp-content\/uploads\/2018\/02\/Dorffest_2017_2.jpg 800w, https:\/\/ts.meusebach.de\/wp-content\/uploads\/2018\/02\/Dorffest_2017_2-300x225.jpg 300w, https:\/\/ts.meusebach.de\/wp-content\/uploads\/2018\/02\/Dorffest_2017_2-768x576.jpg 768w, https:\/\/ts.meusebach.de\/wp-content\/uploads\/2018\/02\/Dorffest_2017_2-100x75.jpg 100w\" sizes=\"auto, (max-width: 750px) 100vw, 750px\" \/><\/a>\n\t\t\t<\/div>\n\t\t\t\t<figcaption class='wp-caption-text gallery-caption' id='gallery-1-354'>\n\t\t\t\tSpanferkel am Spie\u00df, lecker!\n\t\t\t\t<\/figcaption><\/figure><figure class='gallery-item'>\n\t\t\t<div class='gallery-icon landscape'>\n\t\t\t\t<a href='https:\/\/ts.meusebach.de\/?attachment_id=355'><img loading=\"lazy\" decoding=\"async\" width=\"750\" height=\"515\" src=\"https:\/\/ts.meusebach.de\/wp-content\/uploads\/2018\/02\/Dorffest_2017_3.jpg\" class=\"attachment-large size-large\" alt=\"\" aria-describedby=\"gallery-1-355\" srcset=\"https:\/\/ts.meusebach.de\/wp-content\/uploads\/2018\/02\/Dorffest_2017_3.jpg 800w, https:\/\/ts.meusebach.de\/wp-content\/uploads\/2018\/02\/Dorffest_2017_3-300x206.jpg 300w, https:\/\/ts.meusebach.de\/wp-content\/uploads\/2018\/02\/Dorffest_2017_3-768x527.jpg 768w\" sizes=\"auto, (max-width: 750px) 100vw, 750px\" \/><\/a>\n\t\t\t<\/div>\n\t\t\t\t<figcaption class='wp-caption-text gallery-caption' id='gallery-1-355'>\n\t\t\t\tUnser Dorffest war gut besucht\n\t\t\t\t<\/figcaption><\/figure><figure class='gallery-item'>\n\t\t\t<div class='gallery-icon landscape'>\n\t\t\t\t<a href='https:\/\/ts.meusebach.de\/?attachment_id=356'><img loading=\"lazy\" decoding=\"async\" width=\"750\" height=\"505\" src=\"https:\/\/ts.meusebach.de\/wp-content\/uploads\/2018\/02\/Dorffest_2017_4.jpg\" class=\"attachment-large size-large\" alt=\"\" aria-describedby=\"gallery-1-356\" srcset=\"https:\/\/ts.meusebach.de\/wp-content\/uploads\/2018\/02\/Dorffest_2017_4.jpg 800w, https:\/\/ts.meusebach.de\/wp-content\/uploads\/2018\/02\/Dorffest_2017_4-300x202.jpg 300w, https:\/\/ts.meusebach.de\/wp-content\/uploads\/2018\/02\/Dorffest_2017_4-768x517.jpg 768w\" sizes=\"auto, (max-width: 750px) 100vw, 750px\" \/><\/a>\n\t\t\t<\/div>\n\t\t\t\t<figcaption class='wp-caption-text gallery-caption' id='gallery-1-356'>\n\t\t\t\tEin Regenschauer tr\u00fcbte nur kurz die Stimmung\n\t\t\t\t<\/figcaption><\/figure><figure class='gallery-item'>\n\t\t\t<div class='gallery-icon landscape'>\n\t\t\t\t<a href='https:\/\/ts.meusebach.de\/?attachment_id=357'><img loading=\"lazy\" decoding=\"async\" width=\"750\" height=\"650\" src=\"https:\/\/ts.meusebach.de\/wp-content\/uploads\/2018\/02\/Dorffest_2017_5.jpg\" class=\"attachment-large size-large\" alt=\"\" aria-describedby=\"gallery-1-357\" srcset=\"https:\/\/ts.meusebach.de\/wp-content\/uploads\/2018\/02\/Dorffest_2017_5.jpg 800w, https:\/\/ts.meusebach.de\/wp-content\/uploads\/2018\/02\/Dorffest_2017_5-300x260.jpg 300w, https:\/\/ts.meusebach.de\/wp-content\/uploads\/2018\/02\/Dorffest_2017_5-768x665.jpg 768w\" sizes=\"auto, (max-width: 750px) 100vw, 750px\" \/><\/a>\n\t\t\t<\/div>\n\t\t\t\t<figcaption class='wp-caption-text gallery-caption' id='gallery-1-357'>\n\t\t\t\tDaf\u00fcr gab es Kasperletheater\n\t\t\t\t<\/figcaption><\/figure><figure class='gallery-item'>\n\t\t\t<div class='gallery-icon landscape'>\n\t\t\t\t<a href='https:\/\/ts.meusebach.de\/?attachment_id=358'><img loading=\"lazy\" decoding=\"async\" width=\"750\" height=\"536\" src=\"https:\/\/ts.meusebach.de\/wp-content\/uploads\/2018\/02\/Dorffest_2017_6.jpg\" class=\"attachment-large size-large\" alt=\"\" aria-describedby=\"gallery-1-358\" srcset=\"https:\/\/ts.meusebach.de\/wp-content\/uploads\/2018\/02\/Dorffest_2017_6.jpg 800w, https:\/\/ts.meusebach.de\/wp-content\/uploads\/2018\/02\/Dorffest_2017_6-300x215.jpg 300w, https:\/\/ts.meusebach.de\/wp-content\/uploads\/2018\/02\/Dorffest_2017_6-768x549.jpg 768w\" sizes=\"auto, (max-width: 750px) 100vw, 750px\" \/><\/a>\n\t\t\t<\/div>\n\t\t\t\t<figcaption class='wp-caption-text gallery-caption' id='gallery-1-358'>\n\t\t\t\tDie Zuschauer freut es\n\t\t\t\t<\/figcaption><\/figure><figure class='gallery-item'>\n\t\t\t<div class='gallery-icon landscape'>\n\t\t\t\t<a href='https:\/\/ts.meusebach.de\/?attachment_id=359'><img loading=\"lazy\" decoding=\"async\" width=\"750\" height=\"563\" src=\"https:\/\/ts.meusebach.de\/wp-content\/uploads\/2018\/02\/Dorffest_2017_7.jpg\" class=\"attachment-large size-large\" alt=\"\" aria-describedby=\"gallery-1-359\" srcset=\"https:\/\/ts.meusebach.de\/wp-content\/uploads\/2018\/02\/Dorffest_2017_7.jpg 800w, https:\/\/ts.meusebach.de\/wp-content\/uploads\/2018\/02\/Dorffest_2017_7-300x225.jpg 300w, https:\/\/ts.meusebach.de\/wp-content\/uploads\/2018\/02\/Dorffest_2017_7-768x576.jpg 768w, https:\/\/ts.meusebach.de\/wp-content\/uploads\/2018\/02\/Dorffest_2017_7-100x75.jpg 100w\" sizes=\"auto, (max-width: 750px) 100vw, 750px\" \/><\/a>\n\t\t\t<\/div>\n\t\t\t\t<figcaption class='wp-caption-text gallery-caption' id='gallery-1-359'>\n\t\t\t\tAusklang auf der Terasse\n\t\t\t\t<\/figcaption><\/figure><figure class='gallery-item'>\n\t\t\t<div class='gallery-icon landscape'>\n\t\t\t\t<a href='https:\/\/ts.meusebach.de\/?attachment_id=360'><img loading=\"lazy\" decoding=\"async\" width=\"750\" height=\"550\" src=\"https:\/\/ts.meusebach.de\/wp-content\/uploads\/2018\/02\/Dorffest_2017_8.jpg\" class=\"attachment-large size-large\" alt=\"\" aria-describedby=\"gallery-1-360\" srcset=\"https:\/\/ts.meusebach.de\/wp-content\/uploads\/2018\/02\/Dorffest_2017_8.jpg 800w, https:\/\/ts.meusebach.de\/wp-content\/uploads\/2018\/02\/Dorffest_2017_8-300x220.jpg 300w, https:\/\/ts.meusebach.de\/wp-content\/uploads\/2018\/02\/Dorffest_2017_8-768x564.jpg 768w\" sizes=\"auto, (max-width: 750px) 100vw, 750px\" \/><\/a>\n\t\t\t<\/div>\n\t\t\t\t<figcaption class='wp-caption-text gallery-caption' id='gallery-1-360'>\n\t\t\t\tAusklang auf der Terasse\n\t\t\t\t<\/figcaption><\/figure>\n\t\t<\/div>\n\n","protected":false},"excerpt":{"rendered":"<p>Im Jahr 2017 sollte das Dorffest eine kulturelle Aufwertung bekommen. Dazu wollten die W\u00fcrschnitztaler Musikanten mit einem St\u00f6\u00e4ndchen beitragen. Leider wurden sie von einem Regenschauer<\/p>\n","protected":false},"author":1,"featured_media":0,"parent":284,"menu_order":0,"comment_status":"closed","ping_status":"closed","template":"","meta":{"spay_email":"","footnotes":""},"class_list":["post-350","page","type-page","status-publish","hentry"],"_links":{"self":[{"href":"https:\/\/ts.meusebach.de\/index.php?rest_route=\/wp\/v2\/pages\/350","targetHints":{"allow":["GET"]}}],"collection":[{"href":"https:\/\/ts.meusebach.de\/index.php?rest_route=\/wp\/v2\/pages"}],"about":[{"href":"https:\/\/ts.meusebach.de\/index.php?rest_route=\/wp\/v2\/types\/page"}],"author":[{"embeddable":true,"href":"https:\/\/ts.meusebach.de\/index.php?rest_route=\/wp\/v2\/users\/1"}],"replies":[{"embeddable":true,"href":"https:\/\/ts.meusebach.de\/index.php?rest_route=%2Fwp%2Fv2%2Fcomments&post=350"}],"version-history":[{"count":3,"href":"https:\/\/ts.meusebach.de\/index.php?rest_route=\/wp\/v2\/pages\/350\/revisions"}],"predecessor-version":[{"id":362,"href":"https:\/\/ts.meusebach.de\/index.php?rest_route=\/wp\/v2\/pages\/350\/revisions\/362"}],"up":[{"embeddable":true,"href":"https:\/\/ts.meusebach.de\/index.php?rest_route=\/wp\/v2\/pages\/284"}],"wp:attachment":[{"href":"https:\/\/ts.meusebach.de\/index.php?rest_route=%2Fwp%2Fv2%2Fmedia&parent=350"}],"curies":[{"name":"wp","href":"https:\/\/api.w.org\/{rel}","templated":true}]}}

<p>Im Jahr 2017 sollte das Dorffest eine kulturelle Aufwertung bekommen. Dazu wollten die Würschnitztaler Musikanten mit einem Stöändchen beitragen. Leider wurden sie von einem Regenschauer gestört und konnten nicht lange spielen. Geschmekcdt hat das Spanferkel aber trotzdem allen!</p>
<div id='gallery-1' class='gallery galleryid-350 gallery-columns-2 gallery-size-large'><figure class='gallery-item'>
			<div class='gallery-icon landscape'>
				<a href='https://ts.meusebach.de/?attachment_id=353'><img loading="lazy" decoding="async" width="750" height="530" src="https://ts.meusebach.de/wp-content/uploads/2018/02/Dorffest_2017_1.jpg" class="attachment-large size-large" alt="" aria-describedby="gallery-1-353" srcset="https://ts.meusebach.de/wp-content/uploads/2018/02/Dorffest_2017_1.jpg 800w, https://ts.meusebach.de/wp-content/uploads/2018/02/Dorffest_2017_1-300x212.jpg 300w, https://ts.meusebach.de/wp-content/uploads/2018/02/Dorffest_2017_1-768x542.jpg 768w" sizes="auto, (max-width: 750px) 100vw, 750px" /></a>
			</div>
				<figcaption class='wp-caption-text gallery-caption' id='gallery-1-353'>
				Zum Schwarteessen sind immer alle pünktlich!
				</figcaption></figure><figure class='gallery-item'>
			<div class='gallery-icon landscape'>
				<a href='https://ts.meusebach.de/?attachment_id=354'><img loading="lazy" decoding="async" width="750" height="563" src="https://ts.meusebach.de/wp-content/uploads/2018/02/Dorffest_2017_2.jpg" class="attachment-large size-large" alt="" aria-describedby="gallery-1-354" srcset="https://ts.meusebach.de/wp-content/uploads/2018/02/Dorffest_2017_2.jpg 800w, https://ts.meusebach.de/wp-content/uploads/2018/02/Dorffest_2017_2-300x225.jpg 300w, https://ts.meusebach.de/wp-content/uploads/2018/02/Dorffest_2017_2-768x576.jpg 768w, https://ts.meusebach.de/wp-content/uploads/2018/02/Dorffest_2017_2-100x75.jpg 100w" sizes="auto, (max-width: 750px) 100vw, 750px" /></a>
			</div>
				<figcaption class='wp-caption-text gallery-caption' id='gallery-1-354'>
				Spanferkel am Spieß, lecker!
				</figcaption></figure><figure class='gallery-item'>
			<div class='gallery-icon landscape'>
				<a href='https://ts.meusebach.de/?attachment_id=355'><img loading="lazy" decoding="async" width="750" height="515" src="https://ts.meusebach.de/wp-content/uploads/2018/02/Dorffest_2017_3.jpg" class="attachment-large size-large" alt="" aria-describedby="gallery-1-355" srcset="https://ts.meusebach.de/wp-content/uploads/2018/02/Dorffest_2017_3.jpg 800w, https://ts.meusebach.de/wp-content/uploads/2018/02/Dorffest_2017_3-300x206.jpg 300w, https://ts.meusebach.de/wp-content/uploads/2018/02/Dorffest_2017_3-768x527.jpg 768w" sizes="auto, (max-width: 750px) 100vw, 750px" /></a>
			</div>
				<figcaption class='wp-caption-text gallery-caption' id='gallery-1-355'>
				Unser Dorffest war gut besucht
				</figcaption></figure><figure class='gallery-item'>
			<div class='gallery-icon landscape'>
				<a href='https://ts.meusebach.de/?attachment_id=356'><img loading="lazy" decoding="async" width="750" height="505" src="https://ts.meusebach.de/wp-content/uploads/2018/02/Dorffest_2017_4.jpg" class="attachment-large size-large" alt="" aria-describedby="gallery-1-356" srcset="https://ts.meusebach.de/wp-content/uploads/2018/02/Dorffest_2017_4.jpg 800w, https://ts.meusebach.de/wp-content/uploads/2018/02/Dorffest_2017_4-300x202.jpg 300w, https://ts.meusebach.de/wp-content/uploads/2018/02/Dorffest_2017_4-768x517.jpg 768w" sizes="auto, (max-width: 750px) 100vw, 750px" /></a>
			</div>
				<figcaption class='wp-caption-text gallery-caption' id='gallery-1-356'>
				Ein Regenschauer trübte nur kurz die Stimmung
				</figcaption></figure><figure class='gallery-item'>
			<div class='gallery-icon landscape'>
				<a href='https://ts.meusebach.de/?attachment_id=357'><img loading="lazy" decoding="async" width="750" height="650" src="https://ts.meusebach.de/wp-content/uploads/2018/02/Dorffest_2017_5.jpg" class="attachment-large size-large" alt="" aria-describedby="gallery-1-357" srcset="https://ts.meusebach.de/wp-content/uploads/2018/02/Dorffest_2017_5.jpg 800w, https://ts.meusebach.de/wp-content/uploads/2018/02/Dorffest_2017_5-300x260.jpg 300w, https://ts.meusebach.de/wp-content/uploads/2018/02/Dorffest_2017_5-768x665.jpg 768w" sizes="auto, (max-width: 750px) 100vw, 750px" /></a>
			</div>
				<figcaption class='wp-caption-text gallery-caption' id='gallery-1-357'>
				Dafür gab es Kasperletheater
				</figcaption></figure><figure class='gallery-item'>
			<div class='gallery-icon landscape'>
				<a href='https://ts.meusebach.de/?attachment_id=358'><img loading="lazy" decoding="async" width="750" height="536" src="https://ts.meusebach.de/wp-content/uploads/2018/02/Dorffest_2017_6.jpg" class="attachment-large size-large" alt="" aria-describedby="gallery-1-358" srcset="https://ts.meusebach.de/wp-content/uploads/2018/02/Dorffest_2017_6.jpg 800w, https://ts.meusebach.de/wp-content/uploads/2018/02/Dorffest_2017_6-300x215.jpg 300w, https://ts.meusebach.de/wp-content/uploads/2018/02/Dorffest_2017_6-768x549.jpg 768w" sizes="auto, (max-width: 750px) 100vw, 750px" /></a>
			</div>
				<figcaption class='wp-caption-text gallery-caption' id='gallery-1-358'>
				Die Zuschauer freut es
				</figcaption></figure><figure class='gallery-item'>
			<div class='gallery-icon landscape'>
				<a href='https://ts.meusebach.de/?attachment_id=359'><img loading="lazy" decoding="async" width="750" height="563" src="https://ts.meusebach.de/wp-content/uploads/2018/02/Dorffest_2017_7.jpg" class="attachment-large size-large" alt="" aria-describedby="gallery-1-359" srcset="https://ts.meusebach.de/wp-content/uploads/2018/02/Dorffest_2017_7.jpg 800w, https://ts.meusebach.de/wp-content/uploads/2018/02/Dorffest_2017_7-300x225.jpg 300w, https://ts.meusebach.de/wp-content/uploads/2018/02/Dorffest_2017_7-768x576.jpg 768w, https://ts.meusebach.de/wp-content/uploads/2018/02/Dorffest_2017_7-100x75.jpg 100w" sizes="auto, (max-width: 750px) 100vw, 750px" /></a>
			</div>
				<figcaption class='wp-caption-text gallery-caption' id='gallery-1-359'>
				Ausklang auf der Terasse
				</figcaption></figure><figure class='gallery-item'>
			<div class='gallery-icon landscape'>
				<a href='https://ts.meusebach.de/?attachment_id=360'><img loading="lazy" decoding="async" width="750" height="550" src="https://ts.meusebach.de/wp-content/uploads/2018/02/Dorffest_2017_8.jpg" class="attachment-large size-large" alt="" aria-describedby="gallery-1-360" srcset="https://ts.meusebach.de/wp-content/uploads/2018/02/Dorffest_2017_8.jpg 800w, https://ts.meusebach.de/wp-content/uploads/2018/02/Dorffest_2017_8-300x220.jpg 300w, https://ts.meusebach.de/wp-content/uploads/2018/02/Dorffest_2017_8-768x564.jpg 768w" sizes="auto, (max-width: 750px) 100vw, 750px" /></a>
			</div>
				<figcaption class='wp-caption-text gallery-caption' id='gallery-1-360'>
				Ausklang auf der Terasse
				</figcaption></figure>
		</div>

<p>Im Jahr 2017 sollte das Dorffest eine kulturelle Aufwertung bekommen. Dazu wollten die Würschnitztaler Musikanten mit einem Stöändchen beitragen. Leider wurden sie von einem Regenschauer</p>
