{"id":1047,"date":"2021-10-16T09:00:45","date_gmt":"2021-10-16T09:00:45","guid":{"rendered":"https:\/\/blog.meusebach.de\/?page_id=1047"},"modified":"2022-10-16T06:52:21","modified_gmt":"2022-10-16T06:52:21","slug":"dorffest-2021","status":"publish","type":"page","link":"https:\/\/ts.meusebach.de\/?page_id=1047","title":{"rendered":"Dorffest 2021"},"content":{"rendered":"<p>Am 11. September fand im Rahmen des Vereinsfestes unser Dorffest mit Spanferkelbraten statt. Am Abend vorher wurde noch die Terasse von Moos und Unkraut befreit, damit sich alle auf der Terasse am Dorfgemeinschaftshaus wohlf\u00fchlten. F\u00fcr eine besonder gute Stimmung sorgte unser B\u00fcrgermeister J\u00fcrgen! Danke sch\u00f6n an ihn und an alle M\u00e4nner und Frauen, die das sch\u00f6ne Fest mit vorbereitet haben!<\/p>\n<div id='gallery-1' class='gallery galleryid-1047 gallery-columns-3 gallery-size-thumbnail'><figure class='gallery-item'>\n\t\t\t<div class='gallery-icon landscape'>\n\t\t\t\t<a href='https:\/\/ts.meusebach.de\/?attachment_id=1042'><img loading=\"lazy\" decoding=\"async\" width=\"150\" height=\"150\" src=\"https:\/\/ts.meusebach.de\/wp-content\/uploads\/2021\/10\/Dorffest_2021_3-150x150.jpg\" class=\"attachment-thumbnail size-thumbnail\" alt=\"\" \/><\/a>\n\t\t\t<\/div><\/figure><figure class='gallery-item'>\n\t\t\t<div class='gallery-icon landscape'>\n\t\t\t\t<a href='https:\/\/ts.meusebach.de\/?attachment_id=1041'><img loading=\"lazy\" decoding=\"async\" width=\"150\" height=\"150\" src=\"https:\/\/ts.meusebach.de\/wp-content\/uploads\/2021\/10\/Dorffest_2021_2-150x150.jpg\" class=\"attachment-thumbnail size-thumbnail\" alt=\"\" \/><\/a>\n\t\t\t<\/div><\/figure><figure class='gallery-item'>\n\t\t\t<div class='gallery-icon landscape'>\n\t\t\t\t<a href='https:\/\/ts.meusebach.de\/?attachment_id=1040'><img loading=\"lazy\" decoding=\"async\" width=\"150\" height=\"150\" src=\"https:\/\/ts.meusebach.de\/wp-content\/uploads\/2021\/10\/Dorffest_2021_1-150x150.jpg\" class=\"attachment-thumbnail size-thumbnail\" alt=\"\" \/><\/a>\n\t\t\t<\/div><\/figure>\n\t\t<\/div>\n\n","protected":false},"excerpt":{"rendered":"<p>Am 11. September fand im Rahmen des Vereinsfestes unser Dorffest mit Spanferkelbraten statt. Am Abend vorher wurde noch die Terasse von Moos und Unkraut befreit,<\/p>\n","protected":false},"author":1,"featured_media":0,"parent":1045,"menu_order":0,"comment_status":"closed","ping_status":"closed","template":"","meta":{"spay_email":"","footnotes":""},"class_list":["post-1047","page","type-page","status-publish","hentry"],"_links":{"self":[{"href":"https:\/\/ts.meusebach.de\/index.php?rest_route=\/wp\/v2\/pages\/1047","targetHints":{"allow":["GET"]}}],"collection":[{"href":"https:\/\/ts.meusebach.de\/index.php?rest_route=\/wp\/v2\/pages"}],"about":[{"href":"https:\/\/ts.meusebach.de\/index.php?rest_route=\/wp\/v2\/types\/page"}],"author":[{"embeddable":true,"href":"https:\/\/ts.meusebach.de\/index.php?rest_route=\/wp\/v2\/users\/1"}],"replies":[{"embeddable":true,"href":"https:\/\/ts.meusebach.de\/index.php?rest_route=%2Fwp%2Fv2%2Fcomments&post=1047"}],"version-history":[{"count":3,"href":"https:\/\/ts.meusebach.de\/index.php?rest_route=\/wp\/v2\/pages\/1047\/revisions"}],"predecessor-version":[{"id":1280,"href":"https:\/\/ts.meusebach.de\/index.php?rest_route=\/wp\/v2\/pages\/1047\/revisions\/1280"}],"up":[{"embeddable":true,"href":"https:\/\/ts.meusebach.de\/index.php?rest_route=\/wp\/v2\/pages\/1045"}],"wp:attachment":[{"href":"https:\/\/ts.meusebach.de\/index.php?rest_route=%2Fwp%2Fv2%2Fmedia&parent=1047"}],"curies":[{"name":"wp","href":"https:\/\/api.w.org\/{rel}","templated":true}]}}

<p>Am 11. September fand im Rahmen des Vereinsfestes unser Dorffest mit Spanferkelbraten statt. Am Abend vorher wurde noch die Terasse von Moos und Unkraut befreit, damit sich alle auf der Terasse am Dorfgemeinschaftshaus wohlfühlten. Für eine besonder gute Stimmung sorgte unser Bürgermeister Jürgen! Danke schön an ihn und an alle Männer und Frauen, die das schöne Fest mit vorbereitet haben!</p>
<div id='gallery-1' class='gallery galleryid-1047 gallery-columns-3 gallery-size-thumbnail'><figure class='gallery-item'>
			<div class='gallery-icon landscape'>
				<a href='https://ts.meusebach.de/?attachment_id=1042'><img loading="lazy" decoding="async" width="150" height="150" src="https://ts.meusebach.de/wp-content/uploads/2021/10/Dorffest_2021_3-150x150.jpg" class="attachment-thumbnail size-thumbnail" alt="" /></a>
			</div></figure><figure class='gallery-item'>
			<div class='gallery-icon landscape'>
				<a href='https://ts.meusebach.de/?attachment_id=1041'><img loading="lazy" decoding="async" width="150" height="150" src="https://ts.meusebach.de/wp-content/uploads/2021/10/Dorffest_2021_2-150x150.jpg" class="attachment-thumbnail size-thumbnail" alt="" /></a>
			</div></figure><figure class='gallery-item'>
			<div class='gallery-icon landscape'>
				<a href='https://ts.meusebach.de/?attachment_id=1040'><img loading="lazy" decoding="async" width="150" height="150" src="https://ts.meusebach.de/wp-content/uploads/2021/10/Dorffest_2021_1-150x150.jpg" class="attachment-thumbnail size-thumbnail" alt="" /></a>
			</div></figure>
		</div>
